{"id":421,"date":"2023-03-07T22:31:23","date_gmt":"2023-03-07T22:31:23","guid":{"rendered":"http:\/\/csep.hu\/?page_id=421"},"modified":"2025-03-18T21:21:08","modified_gmt":"2025-03-18T21:21:08","slug":"tajhaz-palyazat","status":"publish","type":"page","link":"http:\/\/csep.hu\/?page_id=421","title":{"rendered":"T\u00e1jh\u00e1z p\u00e1ly\u00e1zat"},"content":{"rendered":"<p>\n\n\n<figure class=\"wp-block-image size-large\"><a href=\"http:\/\/csep.hu\/wp-content\/uploads\/2023\/03\/kedvezmenyezetti_infoblokk_fekvo_magyar_rgb.png\"><img loading=\"lazy\" decoding=\"async\" width=\"1024\" height=\"292\" src=\"http:\/\/csep.hu\/wp-content\/uploads\/2023\/03\/kedvezmenyezetti_infoblokk_fekvo_magyar_rgb-1024x292.png\" alt=\"\" class=\"wp-image-427\" srcset=\"http:\/\/csep.hu\/wp-content\/uploads\/2023\/03\/kedvezmenyezetti_infoblokk_fekvo_magyar_rgb-1024x292.png 1024w, http:\/\/csep.hu\/wp-content\/uploads\/2023\/03\/kedvezmenyezetti_infoblokk_fekvo_magyar_rgb-300x86.png 300w, http:\/\/csep.hu\/wp-content\/uploads\/2023\/03\/kedvezmenyezetti_infoblokk_fekvo_magyar_rgb-750x214.png 750w\" sizes=\"(max-width: 1024px) 100vw, 1024px\" \/><\/a><\/figure>\n\n\n<\/p>\n<p><strong>A kedvezm\u00e9nyezett neve<\/strong>: Cs\u00e9p K\u00f6zs\u00e9g \u00d6nkorm\u00e1nyzata<\/p>\n<p><strong>Projekt c\u00edme<\/strong>: A cs\u00e9pi t\u00e1jh\u00e1z \u00e9p\u00fclet\u00e9nek bels\u0151 fel\u00faj\u00edt\u00e1sa<\/p>\n<p><strong>A szerz\u0151d\u00f6tt t\u00e1mogat\u00e1s \u00f6sszege<\/strong>: 34 619\u00a0793 Ft<\/p>\n<p><strong>T\u00e1mogat\u00e1s m\u00e9rt\u00e9ke<\/strong>: 100%<\/p>\n<p><strong>Projekt azonos\u00edt\u00f3sz\u00e1ma:<\/strong> TOP_PLUSZ-1.2.1-21-KO1-2022-00053<\/p>\n<p><strong>Projekt helysz\u00edne<\/strong>: 2946 Cs\u00e9p, Kossuth Lajos utca 54. hrsz.: 126.<\/p>\n<p><strong>A fejleszt\u00e9s t\u00e1rgya<\/strong>: Cs\u00e9p K\u00f6zs\u00e9g \u00d6nkorm\u00e1nyzata k\u00f6zel 35 MFt, 100%-os finansz\u00edroz\u00e1s\u00fa, eur\u00f3pai uni\u00f3s forr\u00e1sb\u00f3l sz\u00e1rmaz\u00f3 t\u00e1mogat\u00e1st nyert el a t\u00e1jh\u00e1z \u00e9p\u00fclet\u00e9nek bels\u0151 fel\u00faj\u00edt\u00e1s\u00e1ra.<\/p>\n<p><strong>A projekt tervezett befejez\u00e9si d\u00e1tuma<\/strong>: 2026.05.30.<\/p>\n<p><strong>A projekt tartalm\u00e1nak r\u00e9szletes bemutat\u00e1sa: <\/strong><\/p>\n<\/p>\n<p>A p\u00e1ly\u00e1zat keret\u00e9ben a p\u00e1ly\u00e1z\u00f3 a T\u00e1jh\u00e1z (volt \u00f3voda\u00e9p\u00fclet) bels\u0151 fel\u00faj\u00edt\u00e1s\u00e1t \u00e9s az alapvet\u0151 m\u0171k\u00f6d\u00e9shez sz\u00fcks\u00e9ges eszk\u00f6z\u00f6k beszerz\u00e9s\u00e9t tervezi.<\/p>\n<p>A projektben \u00f6nkorm\u00e1nyzati tulajdonban l\u00e9v\u0151 \u00e9p\u00edtm\u00e9ny bels\u0151 fel\u00faj\u00edt\u00e1sa t\u00f6rt\u00e9nik meg k\u00f6z\u00f6ss\u00e9gi c\u00e9llal.<\/p>\n<p>A p\u00e1ly\u00e1z\u00f3 k\u00f6zvetlen c\u00e9lja a fel\u00faj\u00edt\u00e1ssal, hogy a tervezett beavatkoz\u00e1sok megfelel\u0151 h\u00e1tteret ny\u00fajtsanak ahhoz, hogy minden erre ig\u00e9nyt tart\u00f3 gener\u00e1ci\u00f3 sz\u00e1m\u00e1ra tal\u00e1lkoz\u00e1si pontot hozzon l\u00e9tre, megteremtse k\u00f6z\u00f6ss\u00e9gi \u00e9let\u00fck egy lehets\u00e9ges sz\u00ednter\u00e9t \u00e9s hozz\u00e1j\u00e1ruljon szabadidej\u00fck hasznos elt\u00f6lt\u00e9s\u00e9hez.<\/p>\n<p>A fel\u00faj\u00edtand\u00f3 k\u00f6z\u00f6ss\u00e9gi t\u00e9r szellemis\u00e9g\u00e9nek fontos momentuma \u00e9s c\u00e9lja, hogy minden Cs\u00e9pen \u00e9l\u0151 ember egyenl\u0151 es\u00e9lyt kapjon a kultur\u00e1lt szabadid\u0151-elt\u00f6lt\u00e9shez, a m\u0171vel\u0151d\u00e9shez \u00e9s a sz\u00f3rakoz\u00e1shoz. A megfelel\u0151en fel\u00faj\u00edtott \u00e9s funkci\u00f3j\u00e1ban kib\u0151v\u00edtett T\u00e1jh\u00e1z hat\u00e9kony sz\u00edntere lehet a t\u00e1rsadalmi koh\u00e9zi\u00f3 er\u0151s\u00edt\u00e9s\u00e9nek, a hagyom\u00e1nyok \u00e9s \u00e9rt\u00e9kek meg\u0151rz\u00e9s\u00e9nek, illetve annak, hogy a lakosok hagyom\u00e1nyokhoz val\u00f3 viszonya form\u00e1l\u00f3djon, identit\u00e1studata \u00e9s a lok\u00e1lpatriotizmusa er\u0151s\u00f6dj\u00f6n. A T\u00e1jh\u00e1z bels\u0151 fel\u00faj\u00edt\u00e1sa, korszer\u0171s\u00edt\u00e9se \u00e9s az alapvet\u0151 m\u0171k\u00f6d\u00e9shez sz\u00fcks\u00e9ges eszk\u00f6z\u00f6k biztos\u00edt\u00e1sa hozz\u00e1j\u00e1rul a kultur\u00e1lis \u00e9s k\u00f6z\u00f6ss\u00e9gi \u00e9let felpezsd\u00edt\u00e9s\u00e9hez, el\u0151seg\u00edti egy vonz\u00f3bb, \u00e9lhet\u0151bb telep\u00fcl\u00e9si k\u00f6rnyezet kialak\u00edt\u00e1s\u00e1t, egy\u00fattal a k\u00f6zs\u00e9g \u00e1ltal\u00e1nos k\u00f6rnyezeti \u00e1llapot\u00e1t is jav\u00edtja. A bels\u0151 infrastrukt\u00far\u00e1j\u00e1ban korszer\u0171s\u00edtett T\u00e1jh\u00e1zban a hasznos szabadid\u0151-elt\u00f6lt\u00e9s v\u00e1ltozatos form\u00e1i realiz\u00e1l\u00f3dhatnak, k\u00fcl\u00f6nb\u00f6z\u0151 tematik\u00e1j\u00fa, c\u00e9l\u00fa \u00e9s m\u00f3dszer\u0171 el\u0151ad\u00e1sok, klubfoglalkoz\u00e1sok, miniprojektek, gyerekfoglalkoz\u00e1sok, besz\u00e9lget\u00e9sek, kultur\u00e1lis esem\u00e9nyek bonyol\u00edthat\u00f3k le.<\/p>\n<p>A fejlesztend\u0151 \u00e9p\u00fclet statikailag, szerkezetileg \u00e9s energetikailag megfelel\u0151. M\u00e9rete \u00e9s beoszt\u00e1sa alkalmass\u00e1 teszi a tervezett funkci\u00f3k (t\u00e1jh\u00e1z, ifj\u00fas\u00e1gi klub) megval\u00f3s\u00edt\u00e1s\u00e1ra. Az energetikai korszer\u0171s\u00edt\u00e9s \u00e9s akad\u00e1lymentes\u00edt\u00e9s kapcs\u00e1n eszt\u00e9tikus, a lakoss\u00e1g sz\u00e1m\u00e1ra vonz\u00f3 k\u00fcls\u0151t kapott. Jelen projekt m\u0171szaki megold\u00e1sai egyszer\u0171ek \u00e9s k\u00f6lts\u00e9ghat\u00e9konyak, a tervezett c\u00e9lokat szolg\u00e1lj\u00e1k, s csak az alapvet\u0151en sz\u00fcks\u00e9ges dolgokra korl\u00e1toz\u00f3dnak (\u00faj szerel\u0151beton \u00e9s aljzatbeton k\u00e9sz\u00edt\u00e9se, \u00faj v\u00edzszigetel\u00e9s elhelyez\u00e9se, padl\u00f3burkolatok k\u00e9sz\u00edt\u00e9se, faburkolatok alatti bels\u0151 vakolat k\u00e9sz\u00edt\u00e9se, fest\u00e9s, a vizesblokkok teljes fel\u00faj\u00edt\u00e1sa, szaniterek cser\u00e9je, vezet\u00e9kek cser\u00e9je, bels\u0151 ajt\u00f3k cser\u00e9je).<\/p>\n<\/p>\n<p><a href=\"http:\/\/csep.hu\/wp-content\/uploads\/2023\/05\/Sajtokozlemeny_Cs\u00e9p-121.pdf\" target=\"_blank\" rel=\"noopener\">SAJT\u00d3K\u00d6ZLEM\u00c9NY<\/a>\u00a0&#8211; 2023.05.09.<\/p>\n\n\n\n\n\n\n\n\n\n","protected":false},"excerpt":{"rendered":"<p>A kedvezm\u00e9nyezett neve: Cs\u00e9p K\u00f6zs\u00e9g \u00d6nkorm\u00e1nyzata Projekt c\u00edme: A cs\u00e9pi t\u00e1jh\u00e1z \u00e9p\u00fclet\u00e9nek bels\u0151 fel\u00faj\u00edt\u00e1sa A szerz\u0151d\u00f6tt t\u00e1mogat\u00e1s \u00f6sszege: 34 619\u00a0793 Ft T\u00e1mogat\u00e1s m\u00e9rt\u00e9ke: 100% Projekt azonos\u00edt\u00f3sz\u00e1ma: TOP_PLUSZ-1.2.1-21-KO1-2022-00053 Projekt helysz\u00edne: 2946 Cs\u00e9p, Kossuth Lajos utca 54. hrsz.: 126. A fejleszt\u00e9s t\u00e1rgya: Cs\u00e9p K\u00f6zs\u00e9g \u00d6nkorm\u00e1nyzata k\u00f6zel 35 MFt, 100%-os finansz\u00edroz\u00e1s\u00fa, eur\u00f3pai uni\u00f3s forr\u00e1sb\u00f3l sz\u00e1rmaz\u00f3 t\u00e1mogat\u00e1st nyert el [&hellip;]<\/p>\n","protected":false},"author":1,"featured_media":0,"parent":0,"menu_order":0,"comment_status":"closed","ping_status":"closed","template":"","meta":{"footnotes":""},"_links":{"self":[{"href":"http:\/\/csep.hu\/index.php?rest_route=\/wp\/v2\/pages\/421"}],"collection":[{"href":"http:\/\/csep.hu\/index.php?rest_route=\/wp\/v2\/pages"}],"about":[{"href":"http:\/\/csep.hu\/index.php?rest_route=\/wp\/v2\/types\/page"}],"author":[{"embeddable":true,"href":"http:\/\/csep.hu\/index.php?rest_route=\/wp\/v2\/users\/1"}],"replies":[{"embeddable":true,"href":"http:\/\/csep.hu\/index.php?rest_route=%2Fwp%2Fv2%2Fcomments&post=421"}],"version-history":[{"count":5,"href":"http:\/\/csep.hu\/index.php?rest_route=\/wp\/v2\/pages\/421\/revisions"}],"predecessor-version":[{"id":544,"href":"http:\/\/csep.hu\/index.php?rest_route=\/wp\/v2\/pages\/421\/revisions\/544"}],"wp:attachment":[{"href":"http:\/\/csep.hu\/index.php?rest_route=%2Fwp%2Fv2%2Fmedia&parent=421"}],"curies":[{"name":"wp","href":"https:\/\/api.w.org\/{rel}","templated":true}]}}

Tájház pályázat

<p>


<figure class="wp-block-image size-large"><a href="http://csep.hu/wp-content/uploads/2023/03/kedvezmenyezetti_infoblokk_fekvo_magyar_rgb.png"><img loading="lazy" decoding="async" width="1024" height="292" src="http://csep.hu/wp-content/uploads/2023/03/kedvezmenyezetti_infoblokk_fekvo_magyar_rgb-1024x292.png" alt="" class="wp-image-427" srcset="http://csep.hu/wp-content/uploads/2023/03/kedvezmenyezetti_infoblokk_fekvo_magyar_rgb-1024x292.png 1024w, http://csep.hu/wp-content/uploads/2023/03/kedvezmenyezetti_infoblokk_fekvo_magyar_rgb-300x86.png 300w, http://csep.hu/wp-content/uploads/2023/03/kedvezmenyezetti_infoblokk_fekvo_magyar_rgb-750x214.png 750w" sizes="(max-width: 1024px) 100vw, 1024px" /></a></figure>


</p>
<p><strong>A kedvezményezett neve</strong>: Csép Község Önkormányzata</p>
<p><strong>Projekt címe</strong>: A csépi tájház épületének belső felújítása</p>
<p><strong>A szerződött támogatás összege</strong>: 34 619 793 Ft</p>
<p><strong>Támogatás mértéke</strong>: 100%</p>
<p><strong>Projekt azonosítószáma:</strong> TOP_PLUSZ-1.2.1-21-KO1-2022-00053</p>
<p><strong>Projekt helyszíne</strong>: 2946 Csép, Kossuth Lajos utca 54. hrsz.: 126.</p>
<p><strong>A fejlesztés tárgya</strong>: Csép Község Önkormányzata közel 35 MFt, 100%-os finanszírozású, európai uniós forrásból származó támogatást nyert el a tájház épületének belső felújítására.</p>
<p><strong>A projekt tervezett befejezési dátuma</strong>: 2026.05.30.</p>
<p><strong>A projekt tartalmának részletes bemutatása: </strong></p>
</p>
<p>A pályázat keretében a pályázó a Tájház (volt óvodaépület) belső felújítását és az alapvető működéshez szükséges eszközök beszerzését tervezi.</p>
<p>A projektben önkormányzati tulajdonban lévő építmény belső felújítása történik meg közösségi céllal.</p>
<p>A pályázó közvetlen célja a felújítással, hogy a tervezett beavatkozások megfelelő hátteret nyújtsanak ahhoz, hogy minden erre igényt tartó generáció számára találkozási pontot hozzon létre, megteremtse közösségi életük egy lehetséges színterét és hozzájáruljon szabadidejük hasznos eltöltéséhez.</p>
<p>A felújítandó közösségi tér szellemiségének fontos momentuma és célja, hogy minden Csépen élő ember egyenlő esélyt kapjon a kulturált szabadidő-eltöltéshez, a művelődéshez és a szórakozáshoz. A megfelelően felújított és funkciójában kibővített Tájház hatékony színtere lehet a társadalmi kohézió erősítésének, a hagyományok és értékek megőrzésének, illetve annak, hogy a lakosok hagyományokhoz való viszonya formálódjon, identitástudata és a lokálpatriotizmusa erősödjön. A Tájház belső felújítása, korszerűsítése és az alapvető működéshez szükséges eszközök biztosítása hozzájárul a kulturális és közösségi élet felpezsdítéséhez, elősegíti egy vonzóbb, élhetőbb települési környezet kialakítását, egyúttal a község általános környezeti állapotát is javítja. A belső infrastruktúrájában korszerűsített Tájházban a hasznos szabadidő-eltöltés változatos formái realizálódhatnak, különböző tematikájú, célú és módszerű előadások, klubfoglalkozások, miniprojektek, gyerekfoglalkozások, beszélgetések, kulturális események bonyolíthatók le.</p>
<p>A fejlesztendő épület statikailag, szerkezetileg és energetikailag megfelelő. Mérete és beosztása alkalmassá teszi a tervezett funkciók (tájház, ifjúsági klub) megvalósítására. Az energetikai korszerűsítés és akadálymentesítés kapcsán esztétikus, a lakosság számára vonzó külsőt kapott. Jelen projekt műszaki megoldásai egyszerűek és költséghatékonyak, a tervezett célokat szolgálják, s csak az alapvetően szükséges dolgokra korlátozódnak (új szerelőbeton és aljzatbeton készítése, új vízszigetelés elhelyezése, padlóburkolatok készítése, faburkolatok alatti belső vakolat készítése, festés, a vizesblokkok teljes felújítása, szaniterek cseréje, vezetékek cseréje, belső ajtók cseréje).</p>
</p>
<p><a href="http://csep.hu/wp-content/uploads/2023/05/Sajtokozlemeny_Csép-121.pdf" target="_blank" rel="noopener">SAJTÓKÖZLEMÉNY</a> &#8211; 2023.05.09.</p>

<p>A kedvezményezett neve: Csép Község Önkormányzata Projekt címe: A csépi tájház épületének belső felújítása A szerződött támogatás összege: 34 619 793 Ft Támogatás mértéke: 100% Projekt azonosítószáma: TOP_PLUSZ-1.2.1-21-KO1-2022-00053 Projekt helyszíne: 2946 Csép, Kossuth Lajos utca 54. hrsz.: 126. A fejlesztés tárgya: Csép Község Önkormányzata közel 35 MFt, 100%-os finanszírozású, európai uniós forrásból származó támogatást nyert el [&hellip;]</p>
