{"id":4,"date":"2015-09-20T13:33:50","date_gmt":"2015-09-20T13:33:50","guid":{"rendered":"http:\/\/csep.hu\/?page_id=4"},"modified":"2025-03-18T21:23:10","modified_gmt":"2025-03-18T21:23:10","slug":"tortenet","status":"publish","type":"page","link":"http:\/\/csep.hu\/","title":{"rendered":"T\u00f6rt\u00e9net"},"content":{"rendered":"\n<figure class=\"wp-block-image size-large\"><a href=\"http:\/\/csep.hu\/?page_id=421\"><img loading=\"lazy\" decoding=\"async\" width=\"1024\" height=\"292\" src=\"http:\/\/csep.hu\/wp-content\/uploads\/2023\/03\/kedvezmenyezetti_infoblokk_fekvo_magyar_rgb-1024x292.png\" alt=\"\" class=\"wp-image-427\" srcset=\"http:\/\/csep.hu\/wp-content\/uploads\/2023\/03\/kedvezmenyezetti_infoblokk_fekvo_magyar_rgb-1024x292.png 1024w, http:\/\/csep.hu\/wp-content\/uploads\/2023\/03\/kedvezmenyezetti_infoblokk_fekvo_magyar_rgb-300x86.png 300w, http:\/\/csep.hu\/wp-content\/uploads\/2023\/03\/kedvezmenyezetti_infoblokk_fekvo_magyar_rgb-750x214.png 750w\" sizes=\"(max-width: 1024px) 100vw, 1024px\" \/><\/a><\/figure>\n\n\n\n<hr class=\"wp-block-separator has-alpha-channel-opacity\"\/>\n\n\n<p style=\"text-align: justify;\">A telep\u00fcl\u00e9s a megye nyugati fel\u00e9nek k\u00f6zepet\u00e1j\u00e1n a 13. sz\u00e1m\u00fa Kom\u00e1rom-Kisb\u00e9r f\u0151\u00fatvonal mellett fekszik 9\u00a0km-re Kisb\u00e9r-t\u0151l \u00e9s 19\u00a0km-re Kom\u00e1rom-t\u00f3l. A k\u00f6zs\u00e9gt\u0151l 3\u00a0km-re T\u00e1rk\u00e1ny k\u00f6zs\u00e9ggel k\u00f6z\u00f6s vas\u00fati meg\u00e1ll\u00f3helye van a Sz\u00e9kesfeh\u00e9rv\u00e1r\u2013Kom\u00e1rom-vas\u00fatvonalon.<a href=\"http:\/\/csep.hu\/wp-content\/uploads\/2015\/09\/cseplegi1.jpg\" target=\"_blank\" rel=\"noopener\"><img loading=\"lazy\" decoding=\"async\" class=\"alignright wp-image-20\" src=\"http:\/\/csep.hu\/wp-content\/uploads\/2015\/09\/cseplegi1-1024x723.jpg\" alt=\"Cs\u00e9p l\u00e9gifot\u00f3\" width=\"401\" height=\"283\" srcset=\"http:\/\/csep.hu\/wp-content\/uploads\/2015\/09\/cseplegi1-1024x723.jpg 1024w, http:\/\/csep.hu\/wp-content\/uploads\/2015\/09\/cseplegi1-300x212.jpg 300w, http:\/\/csep.hu\/wp-content\/uploads\/2015\/09\/cseplegi1-750x530.jpg 750w, http:\/\/csep.hu\/wp-content\/uploads\/2015\/09\/cseplegi1.jpg 1280w\" sizes=\"(max-width: 401px) 100vw, 401px\" \/><\/a><\/p>\n<p style=\"text-align: justify;\">F\u00f6ldrajzi helyzete<br \/>Az Igm\u00e1ndi-Kisb\u00e9ri-medence kist\u00e1j k\u00f6zep\u00e9n helyezkedik el. A t\u00e1j itt m\u00e1r hull\u00e1mos \u00e9szakr\u00f3l d\u00e9lre menve hull\u00e1mos s\u00edks\u00e1gg\u00e1 szel\u00edd\u00fcl. A felsz\u00ednt a Conc\u00f3-patak, Cs\u00e1sz\u00e1r-\u00e9r \u00e9s a V\u00e9kony-\u00e9r patakv\u00f6lgyei tagolj\u00e1k. Azonban a lakoss\u00e1g (t\u00e1v)vezet\u00e9kes \u00edv\u00f3v\u00edzrendszer\u00e9ben tatab\u00e1nyai v\u00edz folyik. A felsz\u00ednt l\u00f6sszel \u00e1titatott \u00e1rt\u00e9ri homok, kavics \u00e9s iszap alkotja. Ezen csernozjom talaj alakult ki, a m\u00e9lyebb r\u00e9szeken r\u00e9ti \u00f6nt\u00e9stalajjal keveredve. \u00c9ghajlata m\u00e9rs\u00e9kelten meleg \u00e9s sz\u00e1raz. \u00c9vi k\u00f6z\u00e9ph\u0151m\u00e9rs\u00e9klete 9,9 \u00b0C fok. A csapad\u00e9k\u00e1tlag: 620\u00a0mm, az \u00e9ves napf\u00e9nytartam: 2010 \u00f3ra \u00e9s az uralkod\u00f3 sz\u00e9lir\u00e1ny \u00e9szaknyugati.<br \/>T\u00f6rt\u00e9nete<br \/>Az els\u0151 r\u00e9g\u00e9szeti eml\u00e9kek a bronzkorb\u00f3l sz\u00e1rmaznak. A falu hat\u00e1r\u00e1ban honfoglal\u00e1s kori s\u00edrok vannak. Els\u0151 okleveles eml\u00edt\u00e9se 1257-b\u0151l t\u00f6rt\u00e9nik \u02c7&#8221;possesio regalis Chepp&#8221; alakban. ACs\u00e9p n\u00e9v csak 1909-t\u0151l haszn\u00e1latos. A Cs\u00e9p\u00e1n n\u00e9v bec\u00e9z\u0151 alakj\u00e1b\u00f3l sz\u00e1rmazik. A falusiak azonban a Csep alakot is haszn\u00e1lj\u00e1k.<\/p>\n<p style=\"text-align: justify;\">1427-t\u0151l kir\u00e1lyn\u0151i birtokk\u00e9nt szerepelt, de r\u00f6viddel k\u00e9s\u0151bb a Csepy csal\u00e1d\u00e9 lett. A t\u00f6r\u00f6k korban sok hasonl\u00f3 k\u00f6zs\u00e9ggel egy\u00fctt eln\u00e9ptelenedett. A 18. sz\u00e1zad k\u00f6zep\u00e9re a P\u00e1zm\u00e1ndy csal\u00e1d ide helyezte sz\u00e9khely\u00e9t, s majors\u00e1got hozott l\u00e9tre. A sz\u00e1zad k\u00f6zep\u00e9re a telep\u00fcl\u00e9s nemesi k\u00f6zbirtokoss\u00e1gg\u00e1 alakult \u00e1t, mely falu \u00e9let\u00e9t a 19. sz\u00e1zad v\u00e9g\u00e9ig meghat\u00e1rozta. K\u00f6z\u00fcl\u00fck nagyobb birtokkal a gr\u00f3f Cseszneky, P\u00e1lffy, Mih\u00e1lyi \u00e9s G\u00f6bel csal\u00e1dok rendelkeztek. A k\u00f6zs\u00e9g fele ar\u00e1nyban katolikus \u00e9s reform\u00e1tus. A telep\u00fcl\u00e9st a lass\u00fa, csendes fejl\u0151d\u00e9s jellemezte. A falu hat\u00e1ra nagyobbr\u00e9szt a kisbirtokosok k\u00f6z\u00f6tt oszlott meg \u00e9s sz\u00e1nt\u00f3m\u0171vel\u00e9ssel foglalkoztak.<\/p>\n<p style=\"text-align: justify;\">A m\u00e1sodik vil\u00e1gh\u00e1bor\u00fa v\u00e9g\u00e9n s\u00falyos harcok folytak a falu hat\u00e1r\u00e1ban, amelyek 1945. m\u00e1rcius 24-\u00e9n \u00e9rtek v\u00e9get. A h\u00e1bor\u00fa ut\u00e1n a k\u00f6zs\u00e9g \u00e9let\u00e9t a stagn\u00e1l\u00e1s \u00e9s a csendes visszafejl\u0151d\u00e9s jellemzi. Termel\u0151sz\u00f6vetkezete az 1960-as \u00e9vek v\u00e9g\u00e9n a nagyigm\u00e1ndi \u00daj \u00c9let termel\u0151sz\u00f6vetkezethez csatlakozott. Iskol\u00e1ja 1971-ben sz\u0171nt meg. Ugyanezen \u00e9vben a nagyigm\u00e1ndi nagyk\u00f6zs\u00e9gi k\u00f6z\u00f6s tan\u00e1cs t\u00e1rsk\u00f6zs\u00e9ge lett. 1990-ben \u00fajra \u00f6n\u00e1ll\u00f3v\u00e1 v\u00e1lt igazgat\u00e1sa. Az \u00f6n\u00e1ll\u00f3s\u00e1g els\u0151 \u00e9veiben az \u00f6nkorm\u00e1nyzat er\u0151fesz\u00edt\u00e9seket tett a telep\u00fcl\u00e9s kommun\u00e1lis fejleszt\u00e9s\u00e9re.<\/p>\n\n\n<hr class=\"wp-block-separator has-alpha-channel-opacity\"\/>\n","protected":false},"excerpt":{"rendered":"<p>A telep\u00fcl\u00e9s a megye nyugati fel\u00e9nek k\u00f6zepet\u00e1j\u00e1n a 13. sz\u00e1m\u00fa Kom\u00e1rom-Kisb\u00e9r f\u0151\u00fatvonal mellett fekszik 9\u00a0km-re Kisb\u00e9r-t\u0151l \u00e9s 19\u00a0km-re Kom\u00e1rom-t\u00f3l. A k\u00f6zs\u00e9gt\u0151l 3\u00a0km-re T\u00e1rk\u00e1ny k\u00f6zs\u00e9ggel k\u00f6z\u00f6s vas\u00fati meg\u00e1ll\u00f3helye van a Sz\u00e9kesfeh\u00e9rv\u00e1r\u2013Kom\u00e1rom-vas\u00fatvonalon. F\u00f6ldrajzi helyzeteAz Igm\u00e1ndi-Kisb\u00e9ri-medence kist\u00e1j k\u00f6zep\u00e9n helyezkedik el. A t\u00e1j itt m\u00e1r hull\u00e1mos \u00e9szakr\u00f3l d\u00e9lre menve hull\u00e1mos s\u00edks\u00e1gg\u00e1 szel\u00edd\u00fcl. A felsz\u00ednt a Conc\u00f3-patak, Cs\u00e1sz\u00e1r-\u00e9r \u00e9s a [&hellip;]<\/p>\n","protected":false},"author":1,"featured_media":0,"parent":0,"menu_order":0,"comment_status":"closed","ping_status":"closed","template":"","meta":{"footnotes":""},"_links":{"self":[{"href":"http:\/\/csep.hu\/index.php?rest_route=\/wp\/v2\/pages\/4"}],"collection":[{"href":"http:\/\/csep.hu\/index.php?rest_route=\/wp\/v2\/pages"}],"about":[{"href":"http:\/\/csep.hu\/index.php?rest_route=\/wp\/v2\/types\/page"}],"author":[{"embeddable":true,"href":"http:\/\/csep.hu\/index.php?rest_route=\/wp\/v2\/users\/1"}],"replies":[{"embeddable":true,"href":"http:\/\/csep.hu\/index.php?rest_route=%2Fwp%2Fv2%2Fcomments&post=4"}],"version-history":[{"count":11,"href":"http:\/\/csep.hu\/index.php?rest_route=\/wp\/v2\/pages\/4\/revisions"}],"predecessor-version":[{"id":547,"href":"http:\/\/csep.hu\/index.php?rest_route=\/wp\/v2\/pages\/4\/revisions\/547"}],"wp:attachment":[{"href":"http:\/\/csep.hu\/index.php?rest_route=%2Fwp%2Fv2%2Fmedia&parent=4"}],"curies":[{"name":"wp","href":"https:\/\/api.w.org\/{rel}","templated":true}]}}

Történet

<figure class="wp-block-image size-large"><a href="http://csep.hu/?page_id=421"><img loading="lazy" decoding="async" width="1024" height="292" src="http://csep.hu/wp-content/uploads/2023/03/kedvezmenyezetti_infoblokk_fekvo_magyar_rgb-1024x292.png" alt="" class="wp-image-427" srcset="http://csep.hu/wp-content/uploads/2023/03/kedvezmenyezetti_infoblokk_fekvo_magyar_rgb-1024x292.png 1024w, http://csep.hu/wp-content/uploads/2023/03/kedvezmenyezetti_infoblokk_fekvo_magyar_rgb-300x86.png 300w, http://csep.hu/wp-content/uploads/2023/03/kedvezmenyezetti_infoblokk_fekvo_magyar_rgb-750x214.png 750w" sizes="(max-width: 1024px) 100vw, 1024px" /></a></figure>



<hr class="wp-block-separator has-alpha-channel-opacity"/>


<p style="text-align: justify;">A település a megye nyugati felének közepetáján a 13. számú Komárom-Kisbér főútvonal mellett fekszik 9 km-re Kisbér-től és 19 km-re Komárom-tól. A községtől 3 km-re Tárkány községgel közös vasúti megállóhelye van a Székesfehérvár–Komárom-vasútvonalon.<a href="http://csep.hu/wp-content/uploads/2015/09/cseplegi1.jpg" target="_blank" rel="noopener"><img loading="lazy" decoding="async" class="alignright wp-image-20" src="http://csep.hu/wp-content/uploads/2015/09/cseplegi1-1024x723.jpg" alt="Csép légifotó" width="401" height="283" srcset="http://csep.hu/wp-content/uploads/2015/09/cseplegi1-1024x723.jpg 1024w, http://csep.hu/wp-content/uploads/2015/09/cseplegi1-300x212.jpg 300w, http://csep.hu/wp-content/uploads/2015/09/cseplegi1-750x530.jpg 750w, http://csep.hu/wp-content/uploads/2015/09/cseplegi1.jpg 1280w" sizes="(max-width: 401px) 100vw, 401px" /></a></p>
<p style="text-align: justify;">Földrajzi helyzete<br />Az Igmándi-Kisbéri-medence kistáj közepén helyezkedik el. A táj itt már hullámos északról délre menve hullámos síksággá szelídül. A felszínt a Concó-patak, Császár-ér és a Vékony-ér patakvölgyei tagolják. Azonban a lakosság (táv)vezetékes ívóvízrendszerében tatabányai víz folyik. A felszínt lösszel átitatott ártéri homok, kavics és iszap alkotja. Ezen csernozjom talaj alakult ki, a mélyebb részeken réti öntéstalajjal keveredve. Éghajlata mérsékelten meleg és száraz. Évi középhőmérséklete 9,9 °C fok. A csapadékátlag: 620 mm, az éves napfénytartam: 2010 óra és az uralkodó szélirány északnyugati.<br />Története<br />Az első régészeti emlékek a bronzkorból származnak. A falu határában honfoglalás kori sírok vannak. Első okleveles említése 1257-ből történik ˇ&#8221;possesio regalis Chepp&#8221; alakban. ACsép név csak 1909-től használatos. A Csépán név becéző alakjából származik. A falusiak azonban a Csep alakot is használják.</p>
<p style="text-align: justify;">1427-től királynői birtokként szerepelt, de röviddel később a Csepy családé lett. A török korban sok hasonló községgel együtt elnéptelenedett. A 18. század közepére a Pázmándy család ide helyezte székhelyét, s majorságot hozott létre. A század közepére a település nemesi közbirtokossággá alakult át, mely falu életét a 19. század végéig meghatározta. Közülük nagyobb birtokkal a gróf Cseszneky, Pálffy, Mihályi és Göbel családok rendelkeztek. A község fele arányban katolikus és református. A települést a lassú, csendes fejlődés jellemezte. A falu határa nagyobbrészt a kisbirtokosok között oszlott meg és szántóműveléssel foglalkoztak.</p>
<p style="text-align: justify;">A második világháború végén súlyos harcok folytak a falu határában, amelyek 1945. március 24-én értek véget. A háború után a község életét a stagnálás és a csendes visszafejlődés jellemzi. Termelőszövetkezete az 1960-as évek végén a nagyigmándi Új Élet termelőszövetkezethez csatlakozott. Iskolája 1971-ben szűnt meg. Ugyanezen évben a nagyigmándi nagyközségi közös tanács társközsége lett. 1990-ben újra önállóvá vált igazgatása. Az önállóság első éveiben az önkormányzat erőfeszítéseket tett a település kommunális fejlesztésére.</p>


<hr class="wp-block-separator has-alpha-channel-opacity"/>

<p>A település a megye nyugati felének közepetáján a 13. számú Komárom-Kisbér főútvonal mellett fekszik 9 km-re Kisbér-től és 19 km-re Komárom-tól. A községtől 3 km-re Tárkány községgel közös vasúti megállóhelye van a Székesfehérvár–Komárom-vasútvonalon. Földrajzi helyzeteAz Igmándi-Kisbéri-medence kistáj közepén helyezkedik el. A táj itt már hullámos északról délre menve hullámos síksággá szelídül. A felszínt a Concó-patak, Császár-ér és a [&hellip;]</p>
